*c**2. Give y(5).
1
Let o(v) = 2*v - 7. Let s be o(6). Let u be 30/25*(-5)/(-2). Let x(l) = -81*l**3 + u - l**2 + 82*l**3 - 5*l**2 + 4*l. Give x(s).
-2
Let r(n) = -8*n - 1. Let b(v) = -5*v**2 - 23*v - 44. Let q(u) = 3*u**2 + 12*u + 22. Let y(o) = -4*b(o) - 7*q(o). Let f be y(10). Give r(f).
-17
Let k(f) = -f + 8. Let h be k(6). Suppose -c + 18 = h*c. Let v(b) be the first derivative of -b**2 + 9*b - 1584. Calculate v(c).
-3
Let l(r) = -r**3 + 2*r**2 - r + 1. Let k(g) = -2*g**3 + 17*g**2 - 14*g + 14. Let z(w) = k(w) - 3*l(w). Calculate z(-12).
-1
Let s(k) = -k - 26 + 2 + 12 - 20. Calculate s(0).
-32
Let i(h) be the second derivative of h**4/12 - 2*h**3/3 - 5*h**2/2 + h. Let w be (-4)/(-36) + (-650)/18. Let l = w - -40. Give i(l).
-5
Let n(r) = r**3 + 3*r**2 - r + 2. Let k(v) = -4*v**3 - 18*v**2 - 4*v - 1. Let l(s) = k(s) + 3*n(s). What is l(-8)?
-3
Let o(x) = -x**3 - 6*x**2 + 7*x - 5. Suppose 2*t = -n - 2*n - 20, 4*n - 20 = 4*t. Calculate o(t).
-5
Let g = 167 + -155. Suppose 3*x = -4*l + g, -x + l = 3*l - 2. Let z(n) = -n**3 + 8*n**2 + n - 5. Give z(x).
3
Let k be 3/(3*(-3)/9). Let h(d) be the second derivative of -d**3/2 - 2*d**2 - 24*d. What is h(k)?
5
Let z(h) be the second derivative of -h**4/12 - 2*h**3/3 + 4*h**2 + h + 3. Determine z(-6).
-4
Let c(x) be the first derivative of -x**4/12 + 4*x**3/3 - 4*x**2 - 3*x + 37. Let t(w) be the first derivative of c(w). Determine t(7).
-1
Suppose v + 6 = -4. Let s = v - -10. Let n(o) = 10 - 6 - 3 - o**2 + s. Determine n(0).
1
Let r(i) = 13 - 15 + i - 7*i + 2*i. Calculate r(-3).
10
Let d(q) be the second derivative of -q**3/2 + 16*q**2 + 568*q. Determine d(13).
-7
Let x = -166 - -165. Let r(n) = -25*n**3 - n**2 + 1. Determine r(x).
25
Let w(t) be the first derivative of -t**4/4 + t**3/3 + 3*t**2/2 - 3*t - 63. Determine w(3).
-12
Let k(w) = 1. Let f(l) = 31*l + 31. Let o(m) = f(m) - 31*k(m). What is o(1)?
31
Let p(y) = -2*y - 4*y + 4*y - y**2 - y + 5. Let m(x) = -x + 2. Let b be m(6). Give p(b).
1
Suppose -8*d + 9 - 1 = 0. Let q(t) = 2 - t - 3 + d. Calculate q(-2).
2
Let w(x) = -4*x - 19. Let u(q) = q**3 - 4*q**2 + q + 3. Let d be u(4). Let y(g) = -3*g - 13. Let l(f) = d*y(f) - 5*w(f). Give l(-5).
9
Let f(l) be the second derivative of 2*l**2 + 0 + 1/6*l**3 + 12*l. Determine f(-3).
1
Let c(k) = k**3 + 4*k**2 + 3*k + 4. Suppose -3*m - b = 28, -5*m - 4*b = -m + 32. Let v be 8/24 - m/(-3). What is c(v)?
4
Let a(b) be the first derivative of -2*b**3/3 + 6*b**2 - 4*b + 37. Determine a(6).
-4
Let b(n) = 45*n**3 - 45*n**2 + 11*n - 7. Let c(o) = -22*o**3 + 20*o**2 - 5*o + 3. Let j(z) = 4*b(z) + 9*c(z). What is j(-1)?
18
Let w(n) = n**3 - 6*n**2 - 28*n - 8. Let p(b) = 7*b**3 - 41*b**2 - 194*b - 54. Let f(i) = 2*p(i) - 15*w(i). What is f(11)?
1
Let v(u) = 4*u + 1. Let j = 511 + -508. What is v(j)?
13
Let k be (2/3)/((-2)/(-6)). Let x(q) = q**3 - q**2 + 4*q**k - 3 - 5*q**2. Let t be 3 - (-3)/(-5) - (-6)/10. What is x(t)?
6
Let w(x) be the second derivative of -23*x + x**2 + 2/3*x**3 + 0 - 1/12*x**4. Determine w(6).
-10
Let g(y) be the second derivative of -y**3/3 + 174*y. What is g(-2)?
4
Let d = -25 + 25. Let s(c) = c**2 + d*c + c - c**3 - 2*c - 5. Determine s(0).
-5
Let m be (42/2 + 4)*1. Let o be (-1)/((-10)/m)*-2. Let v(i) = i**2 + 4*i + 1. Let k be v(o). Let j(q) = -2*q + 5. Determine j(k).
-7
Let z(g) = -12 + 3 + 4 + 9*g + 9*g**2 + 5 + 2 + g**3. What is z(-8)?
-6
Let p(h) = h**2 - 8*h + 3. Let d = 51 - 19. Let n(g) = -3*g + 104. Let f be n(d). Calculate p(f).
3
Let t(j) = 3*j - 1. Let x(z) be the third derivative of -5*z**4/24 - z**3/3 - 12*z**2. Let p be x(2). Let d be 4/6 + (-4)/p. Determine t(d).
2
Suppose -5 = 4*f - 29. Suppose -2*v + 6 = v. Let m(c) = 4 - 13*c**2 - 7*c + 11*c**v + 3*c**2. Calculate m(f).
-2
Let c = 48 - 51. Let o(a) = 3 + 4 - 3*a - 2*a**2 - 3. Give o(c).
-5
Suppose -13 = -3*i + 2*k + 3, 4*k = -3*i + 4. Let c = 28 - 25. Let a(y) = -5 + c*y - 2*y + 3. Calculate a(i).
2
Let a(j) be the first derivative of -j**4/4 + j**3 - 2*j**2 + 2*j + 60. What is a(3)?
-10
Suppose 0 = -5*v + 8 + 67. Suppose -4*f + 0*z = -z - v, 3*f - 17 = -5*z. Suppose 9 + 19 = -f*l. Let q(x) = -x - 8. Give q(l).
-1
Let v(s) = s**3 - 4*s**2 + 2*s + 1. Suppose 2*j + 4*y + 49 + 21 = 0, 4*j - 2*y = -120. Let p = j + 35. Calculate v(p).
9
Let a(c) = -c + 5. Let w(l) = l**3 + 4*l**2 - l - 2. Let k be w(-3). Suppose 0 = -k*f + 5*f + 40. Suppose 3*n - 29 = -f. Give a(n).
-2
Let p(h) = 2*h - 17 + 35 - h. What is p(-24)?
-6
Suppose 7*w - 9 = 19. Let k(r) = 5*r - r + w - 7*r. What is k(-5)?
19
Let a(b) = -4*b**2 - 2*b - 1. Suppose 0 = 7*x - 3*x - 584. Suppose z + t = 77, 2*z - x = t + t. Let j be 2/(-15) + (-65)/z. Give a(j).
-3
Let m(s) = 3*s**3 + 2*s**2 + 2*s + 2. Let v(a) = -4*a**3 - 2*a**2 - 3*a - 3. Let k(b) = -3*m(b) - 2*v(b). Determine k(-1).
-1
Let j(t) = -3720*t - 34*t**3 - 7*t**2 - 38 + 3709*t + 33*t**3. Calculate j(-6).
-8
Let q = 47 - 43. Let a(h) = h - q*h - 6 - 2*h. Give a(-4).
14
Let s(i) be the second derivative of -i**4/6 - i**3/2 + i**2 + 619*i. Give s(-3).
-7
Let k = -5 + 140. Suppose -3*n - k = -8*n. Let h be n/(-18)*(-4)/3. Let y(o) = -o**3 + 1. Determine y(h).
-7
Let r(g) = -5*g + 4*g - 1 - 2*g - g**2. Let h(j) = j**2 + 7*j + 3. Let l be h(-7). Let o be (-4)/(-3)*(-9)/l. Determine r(o).
-5
Let r(m) = 11*m - 1. Let k be r(-1). Let g = -18 - k. Let y = 8 + g. Let l(p) = 3*p**2 - 2*p. What is l(y)?
8
Let b be (-6)/(-4) + -1 + (-9)/(-6). Let u(q) be the first derivative of -1 - 5*q + 1/2*q**b. Determine u(5).
0
Suppose 4 + 6 = -2*q. Let f = -6 + 10. Let g(j) = -f*j - 1 + 1 - j**2 - 2. What is g(q)?
-7
Let h(i) = i - 3. Let y be 15 + 1 - (28/4 + -6). Suppose 5*n = 8*n - y. Calculate h(n).
2
Let j(a) = a**2 - 8*a + 17. Let u be ((-96)/(-30))/8*-10 + 12. Determine j(u).
17
Let b = 14 + -14. Suppose b = -2*z - 2*h + 6, 2*z + 2*h = 4*h + 2. Suppose 2*l = 3*l - z. Let a(q) = -q**3 + 3*q - 3. What is a(l)?
-5
Let z(n) be the first derivative of -n**4/4 + n**3 - 3*n**2/2 + 3*n + 2. Let s be z(3). Let b be 4/(-8) - (-33)/s. Let f(l) = l**2 + 7*l + 9. Determine f(b).
3
Let k = 978 + -984. Let d(x) = -x**3 - 4*x**2 + 12*x - 10. Calculate d(k).
-10
Let k be 10/(-40) + (-70)/8. Let r = k + 15. Let o(s) = -s**3 + 7*s**2 - 5*s + 2. Determine o(r).
8
Let g(c) = c + 9. Let b = -39 + 3. Let n = b + 28. Calculate g(n).
1
Let a(y) = 2*y - 589*y**2 - 578*y**2 + 1163*y**2. What is a(-2)?
-20
Let v(q) = -q**2 + 4*q + 14. Let k be v(6). Let t(f) be the third derivative of 0*f + 1/120*f**6 + 0 + 1/8*f**4 - 1/12*f**5 + 3*f**k + 1/2*f**3. Give t(3).
-6
Let d(j) = 6*j + 5. Let k = 633 + -642. What is d(k)?
-49
Let u(t) = 3*t - 63. Let k be u(20). Let o(i) = 4 - 4*i + 3*i + 3*i. What is o(k)?
-2
Let m(w) be the first derivative of w**4/4 - 2*w**3/3 - 5*w**2 + 2. Let y(g) be the second derivative of m(g). What is y(3)?
14
Let h be (-499)/(-3) - (12/(-18) + 0). Let q(k) = -1 + 173*k**3 + 0 - h*k**3. Let t(o) = -o**3 + 4*o**2 - o + 5. Let x be t(4). What is q(x)?
5
Let t be (-4)/(-26) + 736/(-52). Let v(d) = -11*d - 35. Let s(z) = -5*z - 15. Let q(f) = -13*s(f) + 6*v(f). Calculate q(t).
-1
Let b(p) = p**2 - 2*p - 1. Let h(f) = -f**2 + 6. Let l be h(3). Determine b(l).
14
Let g = -129 - -132. Let q = 4 + -2. Let z = q + g. Let h(f) = f**3 - 4*f**2 - 2*f - 2. Calculate h(z).
13
Suppose -3*v + 2 = -1. Let z = v + -1. Let h(n) = z - n - 6 - 2*n. What is h(-6)?
12
Let p be 4/(-14) + 516/42. Suppose 0*m = 3*m - p. Let z(h) = m - 2 + 2*h**2 - 3 + 0. Calculate z(2).
7
Suppose 65*h = 64*h - 6. Let n(k) be the second derivative of k**3/6 + 4*k**2 + 2*k - 10. Give n(h).
2
Let x(p) = p**2 - 2*p - 4. Suppose -17*t + 3 = -b - 12*t, 5*b - 5 = 5*t. Give x(b).
-4
Let p(j) be the second derivative of j**3/2 - 9*j**2/2 + 3*j. Let g(c) = -c + 1. Let t(k) = -2*g(k) - p(k). Let f(w) = 5*w**3. Let q be f(1). What is t(q)?
2
Let l(d) = 4*d + 1. Let b = 32 - 27. Suppose -3*o = b*v - 190, -o - o = 0. Suppose v*x + 3 = 39*x. What is l(x)?
13
Let r = 15 - 16. Let i(k) = 5*k**3 - k**2 - k - 1. Calculate i(r).
-6
Let g(i) = -i**2 + 6*i - 5. Let p(y) = 61 - 6*y + 0*y**2 - 57 + y**2. Let n(h) = 6*g(h) + 7*p(h). What is n(7)?
5
Let x(s) = -4*s**2 + 3*s - 3. Let o(h) = -h**2 - 2. Let q(a) = 3*o(a) - x(a). What is q(4)?
1
Let o(d) = -15*d - 2 - 12*d + 42*d - 7*d - 7*d. Det